Let a(c) = 1272*c**2 + 71*c + 134. What is the tens digit of a(-2)?
8
Let n(h) = 3*h**3 + 37*h**2 - 150*h + 32. What is the tens digit of n(-10)?
3
Suppose 7*n = -11660 + 4016. Let i = n + 1938. What is the units digit of i?
6
Let h(d) = 44*d**3 - 9*d**2 - 4*d - 13. What is the ten thousands digit of h(7)?
1
Let q(m) = 3991*m - 3586. What is the ten thousands digit of q(6)?
2
Suppose 0 = 3*s + 2*g - 10 + 42, 2*s = 3*g - 17. Let x = s - -10. Suppose 0*b - 5*b + 155 = x. What is the tens digit of b?
3
Suppose z - 32322 = -x, -5*z + 641*x - 638*x = -161602. What is the hundreds digit of z?
3
Let o = 43 + 598. What is the units digit of o + -5*8/8?
6
Suppose -385775 = -5*h + 5*w, 6*w = -7*h + 10*w + 540082. What is the thousands digit of h?
7
Suppose -2*h + 2193 = -3*t - 1000, -3*t + 3163 = 2*h. What is the hundreds digit of h?
5
Let k(m) = 81*m**3 + 10*m**2 - 117*m + 13. What is the units digit of k(6)?
7
Let q(n) = -n**3 - n**2 + 3*n - 4. Let r(u) = -u**3 - 15*u**2 + 2*u + 27. Let b be r(-15). Let z be q(b). Let i(x) = -x + 13. What is the units digit of i(z)?
8
Let k(q) = -2*q**3 - q**2 + q + 3. Let u be k(-1). Suppose 3*n + 18*a - 14*a - 557 = 0, -u*n + 593 = -5*a. What is the tens digit of n?
9
What is the tens digit of 8 + 78/(-12) + (-4 - 85014/(-4))?
5
Let n(q) = 488*q + 2455. What is the units digit of n(45)?
5
Suppose 311*o = 312*o + 3*u - 50559, -3*o = 3*u - 151719. What is the thousands digit of o?
0
Suppose 2*w - 26*x + 24*x - 9046 = 0, 3*w - 13561 = -x. What is the hundreds digit of w?
5
Suppose 3*w + 4*f = w + 8, 2*f = -6. Let i(p) = -p**2 + 21*p - 15. Let v be i(w). Let n = 197 - v. What is the units digit of n?
2
Suppose -4*b = 5*m - 24 - 45, 39 = 4*b - m. Let d = b + -11. Suppose -7*f + d*f + 574 = 0. What is the tens digit of f?
8
Suppose 0 = -2*o - 4*d + 73502, 28 = -409*d + 413*d. What is the thousands digit of o?
6
Let t = -10457 - -38631. What is the tens digit of t?
7
Suppose -2*p - 15 = -v, 0 = 16*p - 11*p - 3*v + 40. What is the units digit of p*(5212/(-120) + 1/(-6))?
8
Let m(u) = -618*u - 2511. What is the tens digit of m(-28)?
9
Suppose 13*i - 99 + 34 = 0. Suppose -u + 200 = 3*q - i, -q = 4*u - 787. What is the hundreds digit of u?
1
Suppose 20*m - 757 - 143 = 0. Suppose m*v - 2016 = 31*v. What is the hundreds digit of v?
1
Suppose 2*c + 15 = -5*i, -3*c = -i - c - 15. Let t(x) = 35*x - 65. Let m(s) = 11. Let p(u) = -3*m(u) - t(u). What is the units digit of p(i)?
7
Let n = 155729 - 96994. What is the hundreds digit of n?
7
Let x = -4 - -3. Let w(u) = 3*u**2 - 8*u - 20. Let o be w(6). What is the units digit of o/((6/4 + x)*2)?
0
Let m be 42/4*(144/28)/3. Suppose 14*f + m*f = 7808. What is the units digit of f?
4
Suppose -h = 8 - 12. Suppose -u - h*u = 4*l - 912, 3*l - 665 = u. Let m = -79 + l. What is the hundreds digit of m?
1
Suppose 4*x + 58*v = 60*v + 116860, 0 = -5*x - 3*v + 146064. What is the tens digit of x?
1
Suppose 0 = 5*s + 37 + 93. Let t = s + 31. Suppose 3*z + 206 = 4*v, 3*v - t*v = 3*z - 94. What is the tens digit of v?
5
What is the hundreds digit of 2576 + 156/(-182)*((-6)/(-2) - 10)?
5
What is the units digit of 64/10*(-82125)/(-90)?
0
Let a be (159/(-6))/(-1)*36/9. Suppose a*c + 690 = 109*c. What is the hundreds digit of c?
2
Suppose -23*v - 33898 = -86*v + 52853. What is the tens digit of v?
7
Suppose 0 = 5*v - o - 2668, -8*v = -5*v + 3*o - 1590. Let w = v - -285. What is the units digit of w?
8
Let y(r) = 9*r**2 + 28*r + 35. What is the ten thousands digit of y(46)?
2
Suppose 2*j - 3245 = 7665. Suppose -51*f + j = -46*f. What is the thousands digit of f?
1
Let g(m) be the third derivative of m**5/15 - m**4/8 - 5*m**3/6 - 784*m**2 - 2*m. Suppose y = 3*c + 1, -4*c + 10 + 19 = 3*y. What is the hundreds digit of g(y)?
1
Suppose -10 = 2*z, -4*z + 13 = n + 2*n. Suppose -7*g = -n*g + 3*l, -4*l = -g - 13. Suppose 0 = 4*d - 16, 2*s - g*s - 3*d + 44 = 0. What is the tens digit of s?
3
Suppose 0 = -3*u + w + 1925 + 971, -u + 2*w + 957 = 0. What is the units digit of u?
7
Let r(a) = -a**3 - 14*a**2 + 14*a + 5. Let p(o) = 33*o + 11. Let j be p(-11). Let d be (-2)/6 - j/(-24). What is the units digit of r(d)?
0
Suppose -2*w + 2*c - 64 - 6 = 0, 3*w - 4*c = -109. Let o(a) = -a + 135. What is the units digit of o(w)?
6
Let p(u) = -19*u**2 + 11*u + 6. Let w(q) = 4*q**2 - q. Let c(i) = p(i) + 5*w(i). Let b be 2/(((-4)/11)/2). What is the tens digit of c(b)?
6
Let u(r) = -r**3 + 2*r**2 - r + 7. Let g be u(0). Let k be 2790/210 + 1 + (-9)/g. Let p(a) = a**2 - 5*a. What is the units digit of p(k)?
4
What is the tens digit of 13/((-39)/(-6)) + 7465?
6
Let u be -1954 + (-9 - -6)*-1. Let v = 3399 + u. What is the thousands digit of v?
1
Suppose 0 = -5*q + 35 - 5. Let k(o) = 16*o - 2 + 7*o**2 - q - 12 - o**3. What is the tens digit of k(8)?
4
Suppose b = 0, -2*a - 107 = -b - 883. Suppose -4*p + a = -2*p. What is the tens digit of p?
9
Let s(v) = 33*v - 4510 - 32*v + 4523. Let m = -18 - -28. What is the units digit of s(m)?
3
Let i be 928*(4 - (-1029)/14). Suppose 9*z = -31*z + i. What is the tens digit of z?
9
What is the hundreds digit of 197/(-12)*-3*(-3 - -47)?
1
Suppose -4*v = -3*w + 31, 4*v = -4*w - 15 + 19. Suppose -2*g + 933 = -w*t, -t = 4*g - 4*t - 1831. What is the hundreds digit of g?
4
Let u(s) be the third derivative of s**6/60 - 11*s**5/60 - 17*s**4/24 + 5*s**3/6 + 47*s**2. What is the tens digit of u(9)?
1
Suppose 6*g - 21 = 9*g. Let i = -3 - g. Suppose 0 = -5*p + 2*p - 4*t + 250, -332 = -4*p - i*t. What is the tens digit of p?
8
Let o(y) = -y**3 - 18*y**2 + 3. Let z be o(-18). Suppose -5*s + 196 = -z*d - 284, 2*s = 2*d + 192. Suppose 0 = -6*g + 5*g + s. What is the tens digit of g?
9
Suppose 12 = 2*d + 2*q - 2, 0 = -3*q - 9. Suppose 2*h - d = 64. Let c = h - -29. What is the tens digit of c?
6
Let b be -51 + (-1 + -1)/(7/(-7)). Let l be (-2 - -2) + 2 + (8 - b). Let i = 74 - l. What is the tens digit of i?
1
Let g be 10/(-115) + (-556)/(-46). Suppose -g*p + 5535 = -3561. What is the hundreds digit of p?
7
Let b = -31 + 33. Suppose o = -2*h + 10, -2*h - 2*o + 5*o = -b. Suppose -h*d = 4*s - 3*d - 386, -s = -4*d - 105. What is the units digit of s?
7
Suppose -2070779 = -2539*q + 2502*q. What is the units digit of q?
7
Let r = -15 - -14. Let m(u) = 34*u - 270. Let b be m(8). What is the tens digit of (b - r) + (166 - 1)?
6
Let y(b) = 3*b**3 - 4*b**3 + 2*b**2 + 11 + 22*b + 16*b**2 + 0*b**3. Let s be y(19). Suppose -4*p = -40 - s. What is the tens digit of p?
2
Let s(i) = i**3 + 3*i**2 - 4*i + 13. Suppose 0 = -l - 4*w - 10, -4*w = 3 + 1. Let m = 11 + l. What is the hundreds digit of s(m)?
1
Suppose -355 = -5*q - 0*q. Let r = 90 - q. Suppose 45 = 5*f + 2*g, -3*g = -3*f + 46 - r. What is the units digit of f?
9
Let c(x) = -6*x - 30*x + 18 + x. Let f be c(6). Let n = -55 - f. What is the hundreds digit of n?
1
What is the units digit of -4 - (-1 + 3)*(-207495)/58?
1
Suppose 3*u + 29520 = 5*w, 0 = -3*w + 395*u - 392*u + 17712. What is the units digit of w?
4
Let b(q) = 17*q - 109. Let m be b(5). What is the hundreds digit of (-84)/m - (-2775)/6?
4
Let k = 26251 - 16146. Suppose -1081 = -17*b + k. What is the tens digit of b?
5
Let k(b) = 1142*b**2 + 4*b - 117. What is the ten thousands digit of k(-7)?
5
Let p(h) = -h**3 - 18*h**2 - 2*h - 46. Let n be p(-18). Let u(j) = -j**2 - 20*j - 14. What is the tens digit of u(n)?
8
Let s = 24 + 10. Suppose 31*y + 9 = s*y. Suppose -y*z = -5*a - 221, 0 = 2*z - 6*z + 5*a + 303. What is the units digit of z?
2
What is the thousands digit of ((-30)/168*-7)/(-4 + (-131588)/(-32896))?
0
Let f be (1 + 0)/((-2)/70*-7). Suppose -f*r - 27 = -37. What is the tens digit of r + ((-6)/(-5))/(1/50)?
6
Suppose 0 = -5*o + 4*l + 185787, -3*o - 53*l + 111471 = -56*l. What is the ten thousands digit of o?
3
Suppose 6*m - 4294 - 4262 = 0. Suppose -1434 = -2*y - 3*b, 5*y - 5*b + m = 7*y. What is the hundreds digit of y?
7
Let y = 26941 + 14127. What is the hundreds digit of y?
0
Suppose -848 = 15*t - 6068. Suppose -33*f - t = -36*f. Suppose 5*d = -2*i + 25 + 135, 4*i - f = -4*d. What is the tens digit of d?
3
Let m(c) = 40 + 11*c + 87 - 34 - 23 + 18 + 5*c**2. What is the tens digit of m(16)?
4
Suppose -n + 14 = -3*h, 5*n = 8*n + 3*h + 6. Suppose 0 = 2*c - 3*c + 4. What is the tens digit of n/c + -1